{"id":7358,"date":"2017-10-04T15:51:40","date_gmt":"2017-10-04T14:51:40","guid":{"rendered":"http:\/\/landscape-festival.cz\/?page_id=7358"},"modified":"2018-06-08T14:13:56","modified_gmt":"2018-06-08T13:13:56","slug":"contact","status":"publish","type":"page","link":"https:\/\/www.landscape-festival.cz\/old\/en\/contact\/","title":{"rendered":"Contact"},"content":{"rendered":"<div class=\"wpb-content-wrapper\"><p>[vc_row full_width=&#8220;stretch_row_content&#8220; parallax=&#8220;content-moving&#8220; parallax_image=&#8220;7612&#8243;][vc_column width=&#8220;1\/4&#8243;][vc_empty_space height=&#8220;120&#8243;][\/vc_column][vc_column width=&#8220;1\/2&#8243;]<div class=\"et-row   \">[vc_empty_space height=&#8220;120&#8243;]<div class=\"\"><div class=\"title_center\"><p class=\"\">Contact<\/p><\/div><div class=\"center_line\"><\/div><\/div>[vc_empty_space][vc_column_text]<strong>Galerie Jaroslava Fragnera<\/strong><br \/>\nOrganizer<br \/>\n<strong>E-mail:<\/strong> galerie@gjf.cz<\/p>\n<p>&nbsp;<\/p>\n<p><strong>Jakub Hepp<\/strong><br \/>\nFestival coordinator<br \/>\n<strong>E-mail:<\/strong> jakub@landscape-festival.cz<\/p>\n<p>&nbsp;<\/p>\n<p><strong>Kl\u00e1ra B\u00e1rtov\u00e1<\/strong><br \/>\nFestival coordinator<br \/>\n<strong>E-mail:<\/strong> klara@landscape-festival.cz[\/vc_column_text][vc_empty_space height=&#8220;80px&#8220;]<div class=\"clear\"><\/div><\/div>[\/vc_column][vc_column width=&#8220;1\/4&#8243;][vc_empty_space height=&#8220;120&#8243;][\/vc_column][\/vc_row]<\/p>\n<\/div>","protected":false},"excerpt":{"rendered":"<p>[vc_row full_width=&#8220;stretch_row_content&#8220; parallax=&#8220;content-moving&#8220; parallax_image=&#8220;7612&#8243;][vc_column width=&#8220;1\/4&#8243;][vc_empty_space height=&#8220;120&#8243;][\/vc_column][vc_column width=&#8220;1\/2&#8243;][\/vc_column][vc_column width=&#8220;1\/4&#8243;][vc_empty_space height=&#8220;120&#8243;][\/vc_column][\/vc_row]<\/p>\n","protected":false},"author":3,"featured_media":0,"parent":0,"menu_order":2,"comment_status":"closed","ping_status":"closed","template":"fullwidth.php","meta":{"footnotes":""},"class_list":["post-7358","page","type-page","status-publish","hentry",""],"_links":{"self":[{"href":"https:\/\/www.landscape-festival.cz\/old\/wp-json\/wp\/v2\/pages\/7358","targetHints":{"allow":["GET"]}}],"collection":[{"href":"https:\/\/www.landscape-festival.cz\/old\/wp-json\/wp\/v2\/pages"}],"about":[{"href":"https:\/\/www.landscape-festival.cz\/old\/wp-json\/wp\/v2\/types\/page"}],"author":[{"embeddable":true,"href":"https:\/\/www.landscape-festival.cz\/old\/wp-json\/wp\/v2\/users\/3"}],"replies":[{"embeddable":true,"href":"https:\/\/www.landscape-festival.cz\/old\/wp-json\/wp\/v2\/comments?post=7358"}],"version-history":[{"count":4,"href":"https:\/\/www.landscape-festival.cz\/old\/wp-json\/wp\/v2\/pages\/7358\/revisions"}],"predecessor-version":[{"id":7639,"href":"https:\/\/www.landscape-festival.cz\/old\/wp-json\/wp\/v2\/pages\/7358\/revisions\/7639"}],"wp:attachment":[{"href":"https:\/\/www.landscape-festival.cz\/old\/wp-json\/wp\/v2\/media?parent=7358"}],"curies":[{"name":"wp","href":"https:\/\/api.w.org\/{rel}","templated":true}]}}

<div class="wpb-content-wrapper"><p>[vc_row full_width=&#8220;stretch_row_content&#8220; parallax=&#8220;content-moving&#8220; parallax_image=&#8220;7612&#8243;][vc_column width=&#8220;1/4&#8243;][vc_empty_space height=&#8220;120&#8243;][/vc_column][vc_column width=&#8220;1/2&#8243;]<div class="et-row   ">[vc_empty_space height=&#8220;120&#8243;]<div class=""><div class="title_center"><p class="">Contact</p></div><div class="center_line"></div></div>[vc_empty_space][vc_column_text]<strong>Galerie Jaroslava Fragnera</strong><br />
Organizer<br />
<strong>E-mail:</strong> galerie@gjf.cz</p>
<p>&nbsp;</p>
<p><strong>Jakub Hepp</strong><br />
Festival coordinator<br />
<strong>E-mail:</strong> jakub@landscape-festival.cz</p>
<p>&nbsp;</p>
<p><strong>Klára Bártová</strong><br />
Festival coordinator<br />
<strong>E-mail:</strong> klara@landscape-festival.cz[/vc_column_text][vc_empty_space height=&#8220;80px&#8220;]<div class="clear"></div></div>[/vc_column][vc_column width=&#8220;1/4&#8243;][vc_empty_space height=&#8220;120&#8243;][/vc_column][/vc_row]</p>
</div>
