{"id":6753,"date":"2017-07-10T11:37:04","date_gmt":"2017-07-10T10:37:04","guid":{"rendered":"http:\/\/landscape-festival.cz\/?page_id=6753"},"modified":"2017-07-11T10:17:12","modified_gmt":"2017-07-11T09:17:12","slug":"walks","status":"publish","type":"page","link":"https:\/\/www.landscape-festival.cz\/old\/en\/program-2\/walks\/","title":{"rendered":"walks"},"content":{"rendered":"<div class=\"wpb-content-wrapper\"><p>[vc_row][vc_column][vc_empty_space height=&#8220;50&#8243;][\/vc_column][\/vc_row][vc_row][vc_column]<div class=\"et-schedules-container  \"><div class=\"schedule_table_inner\"><a href=\"#accordion_1_1\" data-toggle=\"collapse\" class=\"\" aria-expanded=\"true\"><div class=\"schedule_table_header\"><div class=\"schedule_table_header_data\"><p class=\"day\"><\/p><p class=\"month\">AUGUST\u2013SEPTEMBER<\/p><\/div><div class=\"schedule_table_header_title\"><p>WALKS<\/p><\/div><div class=\"clear\"><\/div><\/div><\/a><div class=\"collapse tablesss in\" id=\"accordion_1_1\" aria-expanded=\"true\"><div class=\"schedule_table_flat flatphototable\" style=\"background: url(https:\/\/www.landscape-festival.cz\/old\/wp-content\/uploads\/2017\/05\/n\u00e1m\u011bst\u00ed-Republiky-1024x350.jpg);\"><div class=\"tablesize_flat_xbig\"><div class=\"schedule_table_title_flat\"><p class=\"table_title\">Public Spaces I. <\/p><p class=\"table_excerpt\">stroll around vanished public spaces in Pilsen city center<\/p><\/div><div class=\"schedule_table_flat_speaker\"><\/div><div class=\"schedule_table_time_venue_flat\" ><div class=\"time_left\"><p class=\"flat_time\">13. 8.<\/p><p class=\"flat_venue\">city center<\/p><\/div><\/div><div class=\"arrowtable\"><a href=\"#et_entry_6768_1_1_1\" data-toggle=\"collapse\"><\/a><div class=\"clear\"><\/div><\/div><\/div><\/div><div id=\"et_entry_6768_1_1_1\" class=\"panel-collapse collapse schedule_table_details\"><p>The stroll will lead us through old historical city center and a part of its wider vicinity and will offer participants a look at the way modern architecture has entered traditional historical environment and helped shaping the character of new spaces.\n<br \/>\n<br \/><strong>FREE ENTRY<\/strong><\/p><\/div><div class=\"mini_gap\"><\/div><div class=\"schedule_table_flat flatphototable\" style=\"background: url(https:\/\/www.landscape-festival.cz\/old\/wp-content\/uploads\/2017\/05\/844650-1024x350.jpg);\"><div class=\"tablesize_flat_xbig\"><div class=\"schedule_table_title_flat\"><p class=\"table_title\">Public Spaces II. <\/p><p class=\"table_excerpt\">stroll around vanished public spaces in residential and manufacturing quarter Ji\u017en\u00ed p\u0159edm\u011bst\u00ed<\/p><\/div><div class=\"schedule_table_flat_speaker\"><\/div><div class=\"schedule_table_time_venue_flat\" ><div class=\"time_left\"><p class=\"flat_time\">3. 9.<\/p><p class=\"flat_venue\">South suburbs<\/p><\/div><\/div><div class=\"arrowtable\"><a href=\"#et_entry_6768_1_1_2\" data-toggle=\"collapse\"><\/a><div class=\"clear\"><\/div><\/div><\/div><\/div><div id=\"et_entry_6768_1_1_2\" class=\"panel-collapse collapse schedule_table_details\"><p>The stroll around the manufacturing and residential area of \u0160koda Works offers a wide range of interesting typological and architectural elements. The stroll leads participants through an area in the north-west part of the former quarter \u0158\u00ed\u0161sk\u00e9 p\u0159edm\u011bst\u00ed.\n<br \/>\n<br \/><strong>FREE ENTRY<\/strong><\/p><\/div><div class=\"mini_gap\"><\/div><div class=\"schedule_table_flat flatphototable\" style=\"background: url(https:\/\/www.landscape-festival.cz\/old\/wp-content\/uploads\/2017\/05\/slide_plzen_02-1024x350.jpg);\"><div class=\"tablesize_flat_xbig\"><div class=\"schedule_table_title_flat\"><p class=\"table_title\">The Brewery Area <\/p><p class=\"table_excerpt\">stroll around the area of Pilsner Urquell<\/p><\/div><div class=\"schedule_table_flat_speaker\"><\/div><div class=\"schedule_table_time_venue_flat\" ><div class=\"time_left\"><p class=\"flat_time\">11. 9.<\/p><p class=\"flat_venue\">area of Pilsner Urquell<\/p><\/div><\/div><div class=\"arrowtable\"><a href=\"#et_entry_6768_1_1_3\" data-toggle=\"collapse\"><\/a><div class=\"clear\"><\/div><\/div><\/div><\/div><div id=\"et_entry_6768_1_1_3\" class=\"panel-collapse collapse schedule_table_details\"><p>As an accompanying part of the conference, a commented tour around the brewery area and \u0160trunc's gardens will take place. The route will introduce modern architecture linked to two elements, which have been characteristic of Pilsen till today: beer and sport.\n<br \/>\n<br \/>The stroll is part of the international conference ARTSCAPE: LANDSCAPE \u2013 PUBLIC SPACE \u2013 ARCHITECTURE \u2013 ART as supporting programme.\n<br \/>\n<br \/><strong>FREE ENTRY<\/strong><\/p><\/div><div class=\"mini_gap\"><\/div><\/div><\/div><\/div>[\/vc_column][\/vc_row]<\/p>\n<\/div>","protected":false},"excerpt":{"rendered":"<p>[vc_row][vc_column][vc_empty_space height=&#8220;50&#8243;][\/vc_column][\/vc_row][vc_row][vc_column][\/vc_column][\/vc_row]<\/p>\n","protected":false},"author":3,"featured_media":0,"parent":6256,"menu_order":0,"comment_status":"closed","ping_status":"closed","template":"fullwidth.php","meta":{"footnotes":""},"class_list":["post-6753","page","type-page","status-publish","hentry",""],"_links":{"self":[{"href":"https:\/\/www.landscape-festival.cz\/old\/wp-json\/wp\/v2\/pages\/6753","targetHints":{"allow":["GET"]}}],"collection":[{"href":"https:\/\/www.landscape-festival.cz\/old\/wp-json\/wp\/v2\/pages"}],"about":[{"href":"https:\/\/www.landscape-festival.cz\/old\/wp-json\/wp\/v2\/types\/page"}],"author":[{"embeddable":true,"href":"https:\/\/www.landscape-festival.cz\/old\/wp-json\/wp\/v2\/users\/3"}],"replies":[{"embeddable":true,"href":"https:\/\/www.landscape-festival.cz\/old\/wp-json\/wp\/v2\/comments?post=6753"}],"version-history":[{"count":3,"href":"https:\/\/www.landscape-festival.cz\/old\/wp-json\/wp\/v2\/pages\/6753\/revisions"}],"predecessor-version":[{"id":6769,"href":"https:\/\/www.landscape-festival.cz\/old\/wp-json\/wp\/v2\/pages\/6753\/revisions\/6769"}],"up":[{"embeddable":true,"href":"https:\/\/www.landscape-festival.cz\/old\/wp-json\/wp\/v2\/pages\/6256"}],"wp:attachment":[{"href":"https:\/\/www.landscape-festival.cz\/old\/wp-json\/wp\/v2\/media?parent=6753"}],"curies":[{"name":"wp","href":"https:\/\/api.w.org\/{rel}","templated":true}]}}

<div class="wpb-content-wrapper"><p>[vc_row][vc_column][vc_empty_space height=&#8220;50&#8243;][/vc_column][/vc_row][vc_row][vc_column]<div class="et-schedules-container  "><div class="schedule_table_inner"><a href="#accordion_1_1" data-toggle="collapse" class="" aria-expanded="true"><div class="schedule_table_header"><div class="schedule_table_header_data"><p class="day"></p><p class="month">AUGUST–SEPTEMBER</p></div><div class="schedule_table_header_title"><p>WALKS</p></div><div class="clear"></div></div></a><div class="collapse tablesss in" id="accordion_1_1" aria-expanded="true"><div class="schedule_table_flat flatphototable" style="background: url(https://www.landscape-festival.cz/old/wp-content/uploads/2017/05/náměstí-Republiky-1024x350.jpg);"><div class="tablesize_flat_xbig"><div class="schedule_table_title_flat"><p class="table_title">Public Spaces I. </p><p class="table_excerpt">stroll around vanished public spaces in Pilsen city center</p></div><div class="schedule_table_flat_speaker"></div><div class="schedule_table_time_venue_flat" ><div class="time_left"><p class="flat_time">13. 8.</p><p class="flat_venue">city center</p></div></div><div class="arrowtable"><a href="#et_entry_6768_1_1_1" data-toggle="collapse"></a><div class="clear"></div></div></div></div><div id="et_entry_6768_1_1_1" class="panel-collapse collapse schedule_table_details"><p>The stroll will lead us through old historical city center and a part of its wider vicinity and will offer participants a look at the way modern architecture has entered traditional historical environment and helped shaping the character of new spaces.
<br />
<br /><strong>FREE ENTRY</strong></p></div><div class="mini_gap"></div><div class="schedule_table_flat flatphototable" style="background: url(https://www.landscape-festival.cz/old/wp-content/uploads/2017/05/844650-1024x350.jpg);"><div class="tablesize_flat_xbig"><div class="schedule_table_title_flat"><p class="table_title">Public Spaces II. </p><p class="table_excerpt">stroll around vanished public spaces in residential and manufacturing quarter Jižní předměstí</p></div><div class="schedule_table_flat_speaker"></div><div class="schedule_table_time_venue_flat" ><div class="time_left"><p class="flat_time">3. 9.</p><p class="flat_venue">South suburbs</p></div></div><div class="arrowtable"><a href="#et_entry_6768_1_1_2" data-toggle="collapse"></a><div class="clear"></div></div></div></div><div id="et_entry_6768_1_1_2" class="panel-collapse collapse schedule_table_details"><p>The stroll around the manufacturing and residential area of Škoda Works offers a wide range of interesting typological and architectural elements. The stroll leads participants through an area in the north-west part of the former quarter Říšské předměstí.
<br />
<br /><strong>FREE ENTRY</strong></p></div><div class="mini_gap"></div><div class="schedule_table_flat flatphototable" style="background: url(https://www.landscape-festival.cz/old/wp-content/uploads/2017/05/slide_plzen_02-1024x350.jpg);"><div class="tablesize_flat_xbig"><div class="schedule_table_title_flat"><p class="table_title">The Brewery Area </p><p class="table_excerpt">stroll around the area of Pilsner Urquell</p></div><div class="schedule_table_flat_speaker"></div><div class="schedule_table_time_venue_flat" ><div class="time_left"><p class="flat_time">11. 9.</p><p class="flat_venue">area of Pilsner Urquell</p></div></div><div class="arrowtable"><a href="#et_entry_6768_1_1_3" data-toggle="collapse"></a><div class="clear"></div></div></div></div><div id="et_entry_6768_1_1_3" class="panel-collapse collapse schedule_table_details"><p>As an accompanying part of the conference, a commented tour around the brewery area and Štrunc's gardens will take place. The route will introduce modern architecture linked to two elements, which have been characteristic of Pilsen till today: beer and sport.
<br />
<br />The stroll is part of the international conference ARTSCAPE: LANDSCAPE – PUBLIC SPACE – ARCHITECTURE – ART as supporting programme.
<br />
<br /><strong>FREE ENTRY</strong></p></div><div class="mini_gap"></div></div></div></div>[/vc_column][/vc_row]</p>
</div>
