{"id":6027,"date":"2017-06-19T17:39:57","date_gmt":"2017-06-19T16:39:57","guid":{"rendered":"http:\/\/landscape-festival.cz\/?page_id=6027"},"modified":"2018-06-08T16:50:29","modified_gmt":"2018-06-08T15:50:29","slug":"fotogalerie","status":"publish","type":"page","link":"https:\/\/www.landscape-festival.cz\/old\/minule-rocniky\/landscape-festival-plzen-2017\/fotogalerie\/","title":{"rendered":"FOTOGALERIE"},"content":{"rendered":"<div class=\"wpb-content-wrapper\"><p>[vc_row][vc_column]<div class=\"et-row   \">[vc_empty_space height=&#8220;200&#8243;]<div class=\"\"><div class=\"title_center\"><p class=\"\">11. 9. MEZIN\u00c1RODN\u00cd KONFERENCE ARTSCAPE<\/p><\/div><div class=\"center_line\"><\/div><\/div>[vc_empty_space][vc_masonry_media_grid element_width=&#8220;3&#8243; gap=&#8220;0&#8243; grid_id=&#8220;vc_gid:1507037919389-2333c033-037f-0&#8243; include=&#8220;7275,7274,7273,7272,7271,7270,7269,7268,7267,7266,7265,7264,7263,7262,7261,7260,7259,7258,7257,7256,7255,7254,7253,7252,7251,7250,7249,7248,7247&#8243;][vc_empty_space]<div class=\"clear\"><\/div><\/div>[\/vc_column][\/vc_row][vc_row][vc_column]<div class=\"et-row   \">[vc_empty_space height=&#8220;200&#8243;]<div class=\"\"><div class=\"title_center\"><p class=\"\">17. 8. DEBATA P\u011a\u0160\u00cd Z\u00d3NY<\/p><\/div><div class=\"center_line\"><\/div><\/div>[vc_empty_space][vc_masonry_media_grid element_width=&#8220;3&#8243; gap=&#8220;0&#8243; grid_id=&#8220;vc_gid:1507037919439-5c8c564f-5969-9&#8243; include=&#8220;7283,7279,7281,7286,7280,7282,7285,7284,7278&#8243;][vc_empty_space]<div class=\"clear\"><\/div><\/div>[\/vc_column][\/vc_row][vc_row][vc_column]<div class=\"et-row   \">[vc_empty_space height=&#8220;200&#8243;]<div class=\"\"><div class=\"title_center\"><p class=\"\">21. 6. OTEV\u0158EN\u00cd SITE SPECIFIC INSTALACE PARALLEL PATH A P\u0158EDN\u00c1\u0160KA Davida Brava \/ES\/, Teresy Otto \/PT\/ v DEPO2015<\/p><\/div><div class=\"center_line\"><\/div><\/div>[vc_empty_space][vc_masonry_media_grid element_width=&#8220;3&#8243; grid_id=&#8220;vc_gid:1507037919450-cfddb925-d463-9&#8243; include=&#8220;6277,6278,6279,6280,6281,6282,6283,6284,6285,6286,6287,6288,6289,6290,6291,6292,6293,6294,6295,6296,6297,6298,6299,6300,6301,6302,6303,6304,6305,6306,6307,6308,6309,6310&#8243;][vc_empty_space]<div class=\"clear\"><\/div><\/div>[\/vc_column][\/vc_row][vc_row][vc_column]<div class=\"et-row   \">[vc_empty_space height=&#8220;80&#8243;]<div class=\"\"><div class=\"title_center\"><p class=\"\">15. 6. OTEV\u0158EN\u00cd NOV\u00ddCH SITE SPECIFIC INSTALAC\u00cd NA BOLEVECK\u00c9M RYBN\u00cdKU<\/p><\/div><div class=\"center_line\"><\/div><\/div>[vc_empty_space][vc_masonry_media_grid element_width=&#8220;3&#8243; grid_id=&#8220;vc_gid:1507037919485-498a00bd-9fbf-4&#8243; include=&#8220;6158,6157,6156,6155,6154,6153,6152,6151,6150,6149,6148,6147,6146,6145,6144,6143,6142,6141,6140,6139,6138,6137,6136,6135,6134,6133,6132,6131,6130,6129,6128,6127,6126,6125,6124,6123,6122,6121,6120,6119,6118,6117,6116,6159,6160,6161,6162,6163,6164,6165,6166,6167,6168,6169,6170,6171,6172&#8243;][vc_empty_space]<div class=\"clear\"><\/div><\/div>[\/vc_column][\/vc_row][vc_row][vc_column]<div class=\"et-row   \">[vc_empty_space height=&#8220;80&#8243;]<div class=\"\"><div class=\"title_center\"><p class=\"\">14. 6. VERNIS\u00c1\u017d V\u00ddSTAV V DEPO2015<\/p><\/div><div class=\"center_line\"><\/div><\/div>[vc_empty_space][vc_column_text]<strong>CZECHSCAPE: portr\u00e9t sou\u010dasn\u00e9 \u010desk\u00e9 krajin\u00e1\u0159sk\u00e9 architektury<\/strong><\/p>\n<p class=\"table_title\"><strong>INDUSTRI\u00c1LN\u00cd TOPOGRAFIE: ARCHITEKTURA KONVERZ\u00cd 2005\u20132015<\/strong><\/p>\n<p class=\"table_title\"><strong>PUBLIC SPACE 2016 \u2013 Evropsk\u00e1 cena za m\u011bstsk\u00fd ve\u0159ejn\u00fd prostor<\/strong><\/p>\n<p class=\"table_title\"><strong>NOM\u00c1DI<\/strong><\/p>\n<p class=\"table_title\">V\u00fdstavy budou otev\u0159eny a\u017e do 20. 9. 2017<\/p>\n<p>[\/vc_column_text][vc_empty_space][vc_masonry_media_grid element_width=&#8220;3&#8243; grid_id=&#8220;vc_gid:1507037919545-f96406be-ad34-4&#8243; include=&#8220;5944,5943,5942,5941,5940,5939,5938,5937,5936,5935,5934,5933,5932,5931,5930,5929,5928,5927,5926,5925,5924,5923,5922,5921,5920,5919,5918,5917,5915,5914,5913,5912,5911,5910,5909,5908,5907,5906,5905,5904,5903,5902,5901,5900,5899,5898,5897,5896,5895,5894,5893,5892,5891,5890,5889,5888,5887,5886,5885,5884,5883,5882,5881,5880,5879,5878,5877,5876,5875,5874,5873,5872,5870,5869,5868,5867,5866,5865,5864,5863,5862&#8243;][vc_empty_space]<div class=\"clear\"><\/div><\/div><div class=\"et-row   \"><div class=\"clear\"><\/div><\/div>[\/vc_column][\/vc_row][vc_row][vc_column]<div class=\"et-row   \">[vc_empty_space height=&#8220;80&#8243;]<div class=\"\"><div class=\"title_center\"><p class=\"\">31. 5. DEBATA: KRAJINA VE M\u011aST\u011a<\/p><\/div><div class=\"center_line\"><\/div><\/div>[vc_empty_space][vc_masonry_media_grid element_width=&#8220;3&#8243; grid_id=&#8220;vc_gid:1507037919600-5961db6c-88ae-4&#8243; include=&#8220;6056,6055,6054,6053,6052,6051,6050&#8243;][vc_empty_space]<div class=\"clear\"><\/div><\/div>[\/vc_column][\/vc_row][vc_row][vc_column]<div class=\"et-row   \">[vc_empty_space height=&#8220;80&#8243;]<div class=\"\"><div class=\"title_center\"><p class=\"\">20. 5. HAPPENING GREENING THE CITY OD NL ARCHITECTS<\/p><\/div><div class=\"center_line\"><\/div><\/div>[vc_empty_space][vc_masonry_media_grid element_width=&#8220;3&#8243; grid_id=&#8220;vc_gid:1507037986842-7d378306-3a14-8&#8243; include=&#8220;6049,6048,6047,6046,6045,6044,6043,6042,6041,6040,6039,6038,6037,6036,6035,6034,6033,6032,6031,6030,6029&#8243;][vc_empty_space]<div class=\"clear\"><\/div><\/div>[\/vc_column][\/vc_row][vc_row][vc_column]<div class=\"et-row   \">[vc_empty_space height=&#8220;80&#8243;]<div class=\"\"><div class=\"title_center\"><p class=\"\">19. 5. OPENING LFP 2017<\/p><\/div><div class=\"center_line\"><\/div><\/div>[vc_column_text]Ofici\u00e1ln\u00ed zah\u00e1jen\u00ed Landscape festivalu Plze\u0148 2017!!!<\/p>\n<p>Zah\u00e1jen\u00ed na n\u00e1m\u011bst\u00ed Republiky happeningem MOVING FOREST a koncert kapely Moodshake.<br \/>\nPokra\u010dov\u00e1n\u00ed v are\u00e1lu Plze\u0148sk\u00e9ho Prazdroje koncertem kapel Munroe a Priessnitz.[\/vc_column_text][vc_empty_space][vc_masonry_media_grid element_width=&#8220;3&#8243; grid_id=&#8220;vc_gid:1507037919615-b692119d-1dbd-7&#8243; include=&#8220;6061,6064,6063,6062,6110,6109,6108,6107,6106,6105,6104,6103,6102,6101,6100,6099,6098,6097,6096,6095,6094,6093,6092,6091,6090,6089,6088,6087,6086,6085,6084,6083,6082,6081,6080,6079,6078,6077,6076,6075,6074,6073,6072,6071,6070,6069,6068,6067,6066,6065&#8243;][vc_empty_space]<div class=\"clear\"><\/div><\/div>[\/vc_column][\/vc_row][vc_row][vc_column]<div class=\"et-row   \">[vc_empty_space height=&#8220;80&#8243;]<div class=\"\"><div class=\"title_center\"><p class=\"\">19. 5. P\u0158EDN\u00c1\u0160KA KAMIELA KLAASSEHO Z NL ARCHITECTS <\/p><\/div><div class=\"center_line\"><\/div><\/div>[vc_empty_space][vc_masonry_media_grid element_width=&#8220;3&#8243; grid_id=&#8220;vc_gid:1507037919673-07e12388-4a11-0&#8243; include=&#8220;5860,5859,5858,5857,5856,5855,5854,5853,5852,5861&#8243;][vc_empty_space]<div class=\"clear\"><\/div><\/div>[\/vc_column][\/vc_row]<\/p>\n<\/div>","protected":false},"excerpt":{"rendered":"<p>[vc_row][vc_column][\/vc_column][\/vc_row][vc_row][vc_column][\/vc_column][\/vc_row][vc_row][vc_column][\/vc_column][\/vc_row][vc_row][vc_column][\/vc_column][\/vc_row][vc_row][vc_column][\/vc_column][\/vc_row][vc_row][vc_column][\/vc_column][\/vc_row][vc_row][vc_column][\/vc_column][\/vc_row][vc_row][vc_column][\/vc_column][\/vc_row][vc_row][vc_column][\/vc_column][\/vc_row]<\/p>\n","protected":false},"author":3,"featured_media":0,"parent":7330,"menu_order":14,"comment_status":"closed","ping_status":"closed","template":"fullwidth.php","meta":{"footnotes":""},"class_list":["post-6027","page","type-page","status-publish","hentry",""],"_links":{"self":[{"href":"https:\/\/www.landscape-festival.cz\/old\/wp-json\/wp\/v2\/pages\/6027","targetHints":{"allow":["GET"]}}],"collection":[{"href":"https:\/\/www.landscape-festival.cz\/old\/wp-json\/wp\/v2\/pages"}],"about":[{"href":"https:\/\/www.landscape-festival.cz\/old\/wp-json\/wp\/v2\/types\/page"}],"author":[{"embeddable":true,"href":"https:\/\/www.landscape-festival.cz\/old\/wp-json\/wp\/v2\/users\/3"}],"replies":[{"embeddable":true,"href":"https:\/\/www.landscape-festival.cz\/old\/wp-json\/wp\/v2\/comments?post=6027"}],"version-history":[{"count":25,"href":"https:\/\/www.landscape-festival.cz\/old\/wp-json\/wp\/v2\/pages\/6027\/revisions"}],"predecessor-version":[{"id":6060,"href":"https:\/\/www.landscape-festival.cz\/old\/wp-json\/wp\/v2\/pages\/6027\/revisions\/6060"}],"up":[{"embeddable":true,"href":"https:\/\/www.landscape-festival.cz\/old\/wp-json\/wp\/v2\/pages\/7330"}],"wp:attachment":[{"href":"https:\/\/www.landscape-festival.cz\/old\/wp-json\/wp\/v2\/media?parent=6027"}],"curies":[{"name":"wp","href":"https:\/\/api.w.org\/{rel}","templated":true}]}}

<div class="wpb-content-wrapper"><p>[vc_row][vc_column]<div class="et-row   ">[vc_empty_space height=&#8220;200&#8243;]<div class=""><div class="title_center"><p class="">11. 9. MEZINÁRODNÍ KONFERENCE ARTSCAPE</p></div><div class="center_line"></div></div>[vc_empty_space][vc_masonry_media_grid element_width=&#8220;3&#8243; gap=&#8220;0&#8243; grid_id=&#8220;vc_gid:1507037919389-2333c033-037f-0&#8243; include=&#8220;7275,7274,7273,7272,7271,7270,7269,7268,7267,7266,7265,7264,7263,7262,7261,7260,7259,7258,7257,7256,7255,7254,7253,7252,7251,7250,7249,7248,7247&#8243;][vc_empty_space]<div class="clear"></div></div>[/vc_column][/vc_row][vc_row][vc_column]<div class="et-row   ">[vc_empty_space height=&#8220;200&#8243;]<div class=""><div class="title_center"><p class="">17. 8. DEBATA PĚŠÍ ZÓNY</p></div><div class="center_line"></div></div>[vc_empty_space][vc_masonry_media_grid element_width=&#8220;3&#8243; gap=&#8220;0&#8243; grid_id=&#8220;vc_gid:1507037919439-5c8c564f-5969-9&#8243; include=&#8220;7283,7279,7281,7286,7280,7282,7285,7284,7278&#8243;][vc_empty_space]<div class="clear"></div></div>[/vc_column][/vc_row][vc_row][vc_column]<div class="et-row   ">[vc_empty_space height=&#8220;200&#8243;]<div class=""><div class="title_center"><p class="">21. 6. OTEVŘENÍ SITE SPECIFIC INSTALACE PARALLEL PATH A PŘEDNÁŠKA Davida Brava /ES/, Teresy Otto /PT/ v DEPO2015</p></div><div class="center_line"></div></div>[vc_empty_space][vc_masonry_media_grid element_width=&#8220;3&#8243; grid_id=&#8220;vc_gid:1507037919450-cfddb925-d463-9&#8243; include=&#8220;6277,6278,6279,6280,6281,6282,6283,6284,6285,6286,6287,6288,6289,6290,6291,6292,6293,6294,6295,6296,6297,6298,6299,6300,6301,6302,6303,6304,6305,6306,6307,6308,6309,6310&#8243;][vc_empty_space]<div class="clear"></div></div>[/vc_column][/vc_row][vc_row][vc_column]<div class="et-row   ">[vc_empty_space height=&#8220;80&#8243;]<div class=""><div class="title_center"><p class="">15. 6. OTEVŘENÍ NOVÝCH SITE SPECIFIC INSTALACÍ NA BOLEVECKÉM RYBNÍKU</p></div><div class="center_line"></div></div>[vc_empty_space][vc_masonry_media_grid element_width=&#8220;3&#8243; grid_id=&#8220;vc_gid:1507037919485-498a00bd-9fbf-4&#8243; include=&#8220;6158,6157,6156,6155,6154,6153,6152,6151,6150,6149,6148,6147,6146,6145,6144,6143,6142,6141,6140,6139,6138,6137,6136,6135,6134,6133,6132,6131,6130,6129,6128,6127,6126,6125,6124,6123,6122,6121,6120,6119,6118,6117,6116,6159,6160,6161,6162,6163,6164,6165,6166,6167,6168,6169,6170,6171,6172&#8243;][vc_empty_space]<div class="clear"></div></div>[/vc_column][/vc_row][vc_row][vc_column]<div class="et-row   ">[vc_empty_space height=&#8220;80&#8243;]<div class=""><div class="title_center"><p class="">14. 6. VERNISÁŽ VÝSTAV V DEPO2015</p></div><div class="center_line"></div></div>[vc_empty_space][vc_column_text]<strong>CZECHSCAPE: portrét současné české krajinářské architektury</strong></p>
<p class="table_title"><strong>INDUSTRIÁLNÍ TOPOGRAFIE: ARCHITEKTURA KONVERZÍ 2005–2015</strong></p>
<p class="table_title"><strong>PUBLIC SPACE 2016 – Evropská cena za městský veřejný prostor</strong></p>
<p class="table_title"><strong>NOMÁDI</strong></p>
<p class="table_title">Výstavy budou otevřeny až do 20. 9. 2017</p>
<p>[/vc_column_text][vc_empty_space][vc_masonry_media_grid element_width=&#8220;3&#8243; grid_id=&#8220;vc_gid:1507037919545-f96406be-ad34-4&#8243; include=&#8220;5944,5943,5942,5941,5940,5939,5938,5937,5936,5935,5934,5933,5932,5931,5930,5929,5928,5927,5926,5925,5924,5923,5922,5921,5920,5919,5918,5917,5915,5914,5913,5912,5911,5910,5909,5908,5907,5906,5905,5904,5903,5902,5901,5900,5899,5898,5897,5896,5895,5894,5893,5892,5891,5890,5889,5888,5887,5886,5885,5884,5883,5882,5881,5880,5879,5878,5877,5876,5875,5874,5873,5872,5870,5869,5868,5867,5866,5865,5864,5863,5862&#8243;][vc_empty_space]<div class="clear"></div></div><div class="et-row   "><div class="clear"></div></div>[/vc_column][/vc_row][vc_row][vc_column]<div class="et-row   ">[vc_empty_space height=&#8220;80&#8243;]<div class=""><div class="title_center"><p class="">31. 5. DEBATA: KRAJINA VE MĚSTĚ</p></div><div class="center_line"></div></div>[vc_empty_space][vc_masonry_media_grid element_width=&#8220;3&#8243; grid_id=&#8220;vc_gid:1507037919600-5961db6c-88ae-4&#8243; include=&#8220;6056,6055,6054,6053,6052,6051,6050&#8243;][vc_empty_space]<div class="clear"></div></div>[/vc_column][/vc_row][vc_row][vc_column]<div class="et-row   ">[vc_empty_space height=&#8220;80&#8243;]<div class=""><div class="title_center"><p class="">20. 5. HAPPENING GREENING THE CITY OD NL ARCHITECTS</p></div><div class="center_line"></div></div>[vc_empty_space][vc_masonry_media_grid element_width=&#8220;3&#8243; grid_id=&#8220;vc_gid:1507037986842-7d378306-3a14-8&#8243; include=&#8220;6049,6048,6047,6046,6045,6044,6043,6042,6041,6040,6039,6038,6037,6036,6035,6034,6033,6032,6031,6030,6029&#8243;][vc_empty_space]<div class="clear"></div></div>[/vc_column][/vc_row][vc_row][vc_column]<div class="et-row   ">[vc_empty_space height=&#8220;80&#8243;]<div class=""><div class="title_center"><p class="">19. 5. OPENING LFP 2017</p></div><div class="center_line"></div></div>[vc_column_text]Oficiální zahájení Landscape festivalu Plzeň 2017!!!</p>
<p>Zahájení na náměstí Republiky happeningem MOVING FOREST a koncert kapely Moodshake.<br />
Pokračování v areálu Plzeňského Prazdroje koncertem kapel Munroe a Priessnitz.[/vc_column_text][vc_empty_space][vc_masonry_media_grid element_width=&#8220;3&#8243; grid_id=&#8220;vc_gid:1507037919615-b692119d-1dbd-7&#8243; include=&#8220;6061,6064,6063,6062,6110,6109,6108,6107,6106,6105,6104,6103,6102,6101,6100,6099,6098,6097,6096,6095,6094,6093,6092,6091,6090,6089,6088,6087,6086,6085,6084,6083,6082,6081,6080,6079,6078,6077,6076,6075,6074,6073,6072,6071,6070,6069,6068,6067,6066,6065&#8243;][vc_empty_space]<div class="clear"></div></div>[/vc_column][/vc_row][vc_row][vc_column]<div class="et-row   ">[vc_empty_space height=&#8220;80&#8243;]<div class=""><div class="title_center"><p class="">19. 5. PŘEDNÁŠKA KAMIELA KLAASSEHO Z NL ARCHITECTS </p></div><div class="center_line"></div></div>[vc_empty_space][vc_masonry_media_grid element_width=&#8220;3&#8243; grid_id=&#8220;vc_gid:1507037919673-07e12388-4a11-0&#8243; include=&#8220;5860,5859,5858,5857,5856,5855,5854,5853,5852,5861&#8243;][vc_empty_space]<div class="clear"></div></div>[/vc_column][/vc_row]</p>
</div>
