{"id":4643,"date":"2016-11-23T21:20:58","date_gmt":"2016-11-23T19:20:58","guid":{"rendered":"http:\/\/landscape-festival.cz\/?page_id=4643"},"modified":"2017-04-10T21:50:07","modified_gmt":"2017-04-10T20:50:07","slug":"exhibitions","status":"publish","type":"page","link":"https:\/\/www.landscape-festival.cz\/old\/en\/last-editions\/lndscpo-16\/exhibitions\/","title":{"rendered":"Exhibitions"},"content":{"rendered":"<h5>5\/5 \u2014 10\/7 \u00a0\u00a0exhibition<br \/>\n4\/5 \u00a0\u00a0opening<br \/>\nGalerie Obecn\u00edho domu<\/h5>\n<h4>CZECHSCAPE\u00a0\u2013 PICTURE OF CONTEMPORARY CZECH LANDSCAPE ARCHITECTURE<\/h4>\n<p><span style=\"text-decoration: underline;\"><strong><a href=\"http:\/\/landscape-festival.cz\/language\/en\/czechscape\/\">More about exhibition.<\/a><\/strong><\/span><\/p>\n<hr \/>\n<h5>28\/5 \u2014 30\/6\u00a0\u00a0 exhibition<br \/>\n27\/5 \u00a0 17:00\u00a0\u00a0 opening<br \/>\n<span style=\"line-height: 1.5;\">Slezanka<\/span><\/h5>\n<h4>BETELN\u00c1 BRN\u011aNSK\u00c1 J\u00cdZDA<\/h4>\n<h4>CONSTRUCTIVE ALPS 2015<br \/>\nBUILD IN SWISS MOUNTAINS<\/h4>\n<h4>SWISS TOUCH IN LANDSCAPE ARCHITECTURE<\/h4>\n<h4>EUNIC LANDSCAPE ARCHITECTURE<\/h4>\n<h4>URBI ET ORBI<\/h4>\n<p><strong><span style=\"text-decoration: underline;\"><a href=\"http:\/\/landscape-festival.cz\/language\/en\/exhibitions-in-slezanka\/\">More about exhibition.<\/a><\/span><\/strong><\/p>\n<hr \/>\n<h5><strong style=\"line-height: 1.5;\">28\/5 \u2014 30\/6\u00a0\u00a0 exhibition<\/strong><br \/>\n28\/5 \u00a0 19:00\u00a0\u00a0 opening<br \/>\n15\/8 \u2014 15\/9 \u00a0 exhibition<br \/>\n<span style=\"line-height: 1.5;\">Gottfrei Gallery<\/span><\/h5>\n<h5>PLACE FOR A STATUE<\/h5>\n<h5>ARTSCAPE NORWAY<\/h5>\n<p><strong><span style=\"text-decoration: underline;\"><a href=\"http:\/\/landscape-festival.cz\/language\/en\/exhibitions-gottfrei-gallery\/\">More about exhibition.<\/a><\/span><\/strong><\/p>\n<hr \/>\n<h5>10\/6\u00a0\u2014\u00a030\/6 \u00a0 exhibition<br \/>\n10\/6 \u00a0 17:00\u00a0\u00a0 opening<br \/>\nKarnola factory<\/h5>\n<h4><strong>SECONDHAND LANDSCAPES<\/strong><\/h4>\n<p><span style=\"text-decoration: underline;\"><strong><a href=\"http:\/\/landscape-festival.cz\/language\/en\/factory-karnola\/\">More about exhibition.<\/a><\/strong><\/span><\/p>\n<hr \/>\n<h5>10\/6\u00a0\u2014 19\/6 \u00a0 exhibition<br \/>\nEmbankment\u00a0locality<br \/>\nNa Niv\u011b a Hozovo n\u00e1b\u0159e\u017e\u00ed<\/h5>\n<h4><strong>OPAVA IN THE STREAM OF TIME<\/strong><\/h4>\n<p><span style=\"text-decoration: underline;\"><strong><a href=\"http:\/\/landscape-festival.cz\/language\/en\/naplavka-2\/\">More about exhibition.<\/a><\/strong><\/span><\/p>\n<hr \/>\n<h5>10\/6\u00a0\u2014 30\/6 \u00a0 exhibition<br \/>\n25\/6\u00a0\u00a0 \u00a0guided tour<br \/>\nHradec nad Moravic\u00ed<\/h5>\n<h4><strong>CONTEMPORARY WORKS OF ART IN LANDSCAPE <\/strong><\/h4>\n<p><span style=\"text-decoration: underline;\"><strong><a href=\"http:\/\/landscape-festival.cz\/language\/en\/contemporary-works-of-art-in-landscape\/\">More about exhibition.<\/a><\/strong><\/span><\/p>\n<hr \/>\n<h5>10\/6\u00a0\u2014 30\/6<br \/>\nBillboards<\/h5>\n<h4>QUIET PLACES<\/h4>\n<p>Hidden corners, artistic details, places where during the rush days you ignore, but which dramatically and poetically complete the visual appearance of the town. Photos of Opava graduates \u00a0of the ITF of Ji\u0159\u00ed \u0160tencek and Jan Langer.<\/p>\n<hr \/>\n<h5>27\/8 \u2014 30\/9 \u00a0 exhibition<br \/>\n26\/8 \u00a0 18:00\u00a0\u00a0 \u00a0opening<br \/>\nWater reservoir tower<\/h5>\n<h4><strong>INDUSTRIAL TOPOGRAPHY \u2013 ARCHITECTURE OF CONVERSION IN CR 2005\u20132015<\/strong><\/h4>\n<p><span style=\"text-decoration: underline;\"><strong><a href=\"http:\/\/landscape-festival.cz\/language\/en\/water-reservoir-tower\/\">More about exhibition.<\/a><\/strong><\/span><\/p>\n<hr \/>\n<h5>20\/9 \u2014 30\/10 \u00a0 exhibition<br \/>\n20\/9\u00a0\u00a0 opening<br \/>\nGalleries and streets of Opava<\/h5>\n<h4>BORDERS\/BOUNDARIES<\/h4>\n<p>The international group exhibition reflecting boundaries like geography, physical and mental relationships and existence that can be instantiated as the tension between internal and external, as territories between city and countryside, as the boundaries between beauty and ugliness, or as the divide between life and death. Boundaries can unite, define or divide. They may be an option, a limit or the last option.<\/p>\n<hr \/>\n","protected":false},"excerpt":{"rendered":"<p>5\/5 \u2014 10\/7 \u00a0\u00a0exhibition 4\/5 \u00a0\u00a0opening Galerie Obecn\u00edho domu CZECHSCAPE\u00a0\u2013 PICTURE OF CONTEMPORARY CZECH LANDSCAPE ARCHITECTURE More about exhibition. 28\/5 \u2014 30\/6\u00a0\u00a0 exhibition 27\/5 \u00a0 17:00\u00a0\u00a0 opening Slezanka BETELN\u00c1 BRN\u011aNSK\u00c1 J\u00cdZDA CONSTRUCTIVE ALPS 2015 BUILD IN SWISS MOUNTAINS SWISS TOUCH IN LANDSCAPE ARCHITECTURE EUNIC LANDSCAPE ARCHITECTURE URBI ET ORBI More about exhibition. 28\/5 \u2014 30\/6\u00a0\u00a0 [&hellip;]<\/p>\n","protected":false},"author":3,"featured_media":0,"parent":4687,"menu_order":3,"comment_status":"closed","ping_status":"closed","template":"","meta":{"footnotes":""},"class_list":["post-4643","page","type-page","status-publish","hentry",""],"_links":{"self":[{"href":"https:\/\/www.landscape-festival.cz\/old\/wp-json\/wp\/v2\/pages\/4643","targetHints":{"allow":["GET"]}}],"collection":[{"href":"https:\/\/www.landscape-festival.cz\/old\/wp-json\/wp\/v2\/pages"}],"about":[{"href":"https:\/\/www.landscape-festival.cz\/old\/wp-json\/wp\/v2\/types\/page"}],"author":[{"embeddable":true,"href":"https:\/\/www.landscape-festival.cz\/old\/wp-json\/wp\/v2\/users\/3"}],"replies":[{"embeddable":true,"href":"https:\/\/www.landscape-festival.cz\/old\/wp-json\/wp\/v2\/comments?post=4643"}],"version-history":[{"count":12,"href":"https:\/\/www.landscape-festival.cz\/old\/wp-json\/wp\/v2\/pages\/4643\/revisions"}],"predecessor-version":[{"id":4751,"href":"https:\/\/www.landscape-festival.cz\/old\/wp-json\/wp\/v2\/pages\/4643\/revisions\/4751"}],"up":[{"embeddable":true,"href":"https:\/\/www.landscape-festival.cz\/old\/wp-json\/wp\/v2\/pages\/4687"}],"wp:attachment":[{"href":"https:\/\/www.landscape-festival.cz\/old\/wp-json\/wp\/v2\/media?parent=4643"}],"curies":[{"name":"wp","href":"https:\/\/api.w.org\/{rel}","templated":true}]}}

<h5>5/5 — 10/7   exhibition<br />
4/5   opening<br />
Galerie Obecního domu</h5>
<h4>CZECHSCAPE – PICTURE OF CONTEMPORARY CZECH LANDSCAPE ARCHITECTURE</h4>
<p><span style="text-decoration: underline;"><strong><a href="http://landscape-festival.cz/language/en/czechscape/">More about exhibition.</a></strong></span></p>
<hr />
<h5>28/5 — 30/6   exhibition<br />
27/5   17:00   opening<br />
<span style="line-height: 1.5;">Slezanka</span></h5>
<h4>BETELNÁ BRNĚNSKÁ JÍZDA</h4>
<h4>CONSTRUCTIVE ALPS 2015<br />
BUILD IN SWISS MOUNTAINS</h4>
<h4>SWISS TOUCH IN LANDSCAPE ARCHITECTURE</h4>
<h4>EUNIC LANDSCAPE ARCHITECTURE</h4>
<h4>URBI ET ORBI</h4>
<p><strong><span style="text-decoration: underline;"><a href="http://landscape-festival.cz/language/en/exhibitions-in-slezanka/">More about exhibition.</a></span></strong></p>
<hr />
<h5><strong style="line-height: 1.5;">28/5 — 30/6   exhibition</strong><br />
28/5   19:00   opening<br />
15/8 — 15/9   exhibition<br />
<span style="line-height: 1.5;">Gottfrei Gallery</span></h5>
<h5>PLACE FOR A STATUE</h5>
<h5>ARTSCAPE NORWAY</h5>
<p><strong><span style="text-decoration: underline;"><a href="http://landscape-festival.cz/language/en/exhibitions-gottfrei-gallery/">More about exhibition.</a></span></strong></p>
<hr />
<h5>10/6 — 30/6   exhibition<br />
10/6   17:00   opening<br />
Karnola factory</h5>
<h4><strong>SECONDHAND LANDSCAPES</strong></h4>
<p><span style="text-decoration: underline;"><strong><a href="http://landscape-festival.cz/language/en/factory-karnola/">More about exhibition.</a></strong></span></p>
<hr />
<h5>10/6 — 19/6   exhibition<br />
Embankment locality<br />
Na Nivě a Hozovo nábřeží</h5>
<h4><strong>OPAVA IN THE STREAM OF TIME</strong></h4>
<p><span style="text-decoration: underline;"><strong><a href="http://landscape-festival.cz/language/en/naplavka-2/">More about exhibition.</a></strong></span></p>
<hr />
<h5>10/6 — 30/6   exhibition<br />
25/6    guided tour<br />
Hradec nad Moravicí</h5>
<h4><strong>CONTEMPORARY WORKS OF ART IN LANDSCAPE </strong></h4>
<p><span style="text-decoration: underline;"><strong><a href="http://landscape-festival.cz/language/en/contemporary-works-of-art-in-landscape/">More about exhibition.</a></strong></span></p>
<hr />
<h5>10/6 — 30/6<br />
Billboards</h5>
<h4>QUIET PLACES</h4>
<p>Hidden corners, artistic details, places where during the rush days you ignore, but which dramatically and poetically complete the visual appearance of the town. Photos of Opava graduates  of the ITF of Jiří Štencek and Jan Langer.</p>
<hr />
<h5>27/8 — 30/9   exhibition<br />
26/8   18:00    opening<br />
Water reservoir tower</h5>
<h4><strong>INDUSTRIAL TOPOGRAPHY – ARCHITECTURE OF CONVERSION IN CR 2005–2015</strong></h4>
<p><span style="text-decoration: underline;"><strong><a href="http://landscape-festival.cz/language/en/water-reservoir-tower/">More about exhibition.</a></strong></span></p>
<hr />
<h5>20/9 — 30/10   exhibition<br />
20/9   opening<br />
Galleries and streets of Opava</h5>
<h4>BORDERS/BOUNDARIES</h4>
<p>The international group exhibition reflecting boundaries like geography, physical and mental relationships and existence that can be instantiated as the tension between internal and external, as territories between city and countryside, as the boundaries between beauty and ugliness, or as the divide between life and death. Boundaries can unite, define or divide. They may be an option, a limit or the last option.</p>
<hr />

<p>5/5 — 10/7   exhibition 4/5   opening Galerie Obecního domu CZECHSCAPE – PICTURE OF CONTEMPORARY CZECH LANDSCAPE ARCHITECTURE More about exhibition. 28/5 — 30/6   exhibition 27/5   17:00   opening Slezanka BETELNÁ BRNĚNSKÁ JÍZDA CONSTRUCTIVE ALPS 2015 BUILD IN SWISS MOUNTAINS SWISS TOUCH IN LANDSCAPE ARCHITECTURE EUNIC LANDSCAPE ARCHITECTURE URBI ET ORBI More about exhibition. 28/5 — 30/6   [&hellip;]</p>
