{"id":10416,"date":"2019-01-07T20:26:42","date_gmt":"2019-01-07T19:26:42","guid":{"rendered":"http:\/\/landscape-festival.cz\/?page_id=10416"},"modified":"2019-02-14T16:37:21","modified_gmt":"2019-02-14T15:37:21","slug":"open-call-2019","status":"publish","type":"page","link":"https:\/\/www.landscape-festival.cz\/old\/open-call-2019\/","title":{"rendered":"Open Call 2019"},"content":{"rendered":"<div class=\"wpb-content-wrapper\"><p>[vc_row][vc_column]<div style=\"font-size: 25px;color: #8cc63e;text-align: center;\" id=\"eventime_countdown_1\" class=\"\"><\/div> <script>\n            ;(function($){\n            $(document).ready(function(){\n                $('#eventime_countdown_1').countdown('2019\/02\/28 23:59:00 GMT+0100', function(event) {\n                    $(this).html(event.strftime('Odevzd\u00e1n\u00ed projekt\u016f za %D dn\u00ed %H h %M min %S s'));\n                });\n            });\n            })(jQuery);\n            <\/script><div class=\"et-row   \">[vc_empty_space][vc_column_text]Landscape festival zam\u011b\u0159en\u00fd na krajinu, m\u011bsto a ve\u0159ejn\u00fd prostor vyhla\u0161uje <strong>otev\u0159enou v\u00fdzvu<\/strong> pro projekty, kter\u00e9 do\u010dasn\u011b o\u017eiv\u00ed konkr\u00e9tn\u00ed lokality v r\u00e1mci p\u0159ipravovan\u00e9ho 7. ro\u010dn\u00edku. Festival letos p\u0159edstav\u00ed <strong>Ostravu<\/strong> v nov\u00fdch environment\u00e1ln\u00edch souvislostech, p\u0159i\u010dem\u017e hlavn\u00edm t\u00e9matem v\u00fdzvy je <strong>znovuvyu\u017eit\u00ed a redefinov\u00e1n\u00ed v\u00fdznamu sedmi lokalit<\/strong> <strong>na trase z historick\u00e9ho centra do Doln\u00ed oblasti V\u00edtkovice<\/strong> a nast\u00edn\u011bn\u00ed jejich nov\u00fdch propojen\u00ed.<\/p>\n<p><strong>Otev\u0159en\u00e1 v\u00fdzva je ur\u010den\u00e1<\/strong> v\u0161em tv\u016frc\u016fm, kte\u0159\u00ed se pohybuj\u00ed na poli t\u00e9mat o\u017eiven\u00ed ve\u0159ejn\u00e9ho prostoru, urbanismu, architektury, krajin\u00e1\u0159sk\u00e9 architektury, um\u011bn\u00ed a designu ve ve\u0159ejn\u00e9m prostoru a krajin\u011b, environment\u00e1ln\u00edmu um\u011bn\u00ed atd. P\u0159ihl\u00e1\u0161ka m\u016f\u017ee b\u00fdt rovn\u011b\u017e kolektivn\u00edm d\u00edlem n\u011bkolika autor\u016f.<\/p>\n<p><strong>Zaj\u00edmaj\u00ed n\u00e1s<\/strong> kr\u00e1tkodob\u00e9 intervence, tematick\u00e9 a performativn\u00ed ztv\u00e1rn\u011bn\u00ed dan\u00e9ho \u00fazem\u00ed, drobn\u00e9 dopln\u011bn\u00ed urbanistick\u00e9 struktury, site-specific instalace, do\u010dasn\u00e1 architektura i trvalej\u0161\u00ed krajin\u00e1\u0159sk\u00e9 z\u00e1sahy a humanizace dan\u00fdch lokalit. Navr\u017een\u00e9 objekty by nem\u011bly m\u00edt pevn\u00fd stavebn\u00ed z\u00e1klad (betonov\u00e9 patky apod.)<\/p>\n<p><strong>LOKALITY <\/strong><\/p>\n<ol>\n<li>SOUTOK OSTRAVICE A LU\u010cINY<\/li>\n<li>\u010cERN\u00c1 LOUKA<\/li>\n<li>PARK ZA DOMEM UM\u011aN\u00cd<\/li>\n<li>ARE\u00c1L M\u011aSTSK\u00c9 NEMOCNICE OSTRAVA<\/li>\n<li>RONDEL V\u00a0SADECH DR. MILADY HOR\u00c1KOV\u00c9<\/li>\n<li>PARK V\u00a0ULICI NA \u017dELEZ\u00c1RENSK\u00c9<\/li>\n<li>OKOL\u00cd JANTAROV\u00c9 STEZKY<\/li>\n<\/ol>\n<p>&nbsp;<\/p>\n<p><strong>VYHLA\u0160OVATEL A POROTA<\/strong><\/p>\n<p>Vyhla\u0161ovatelem v\u00fdzvy je LANDSCAPE FESTIVAL OSTRAVA 2019<br \/>\nProjekty budou hodnoceny odbornou porotou v n\u00e1sleduj\u00edc\u00edm slo\u017een\u00ed:<br \/>\nDoc. Ing. Martina Pe\u0159inkov\u00e1, Ph.D. \/ Katedra architektury, Fakulta stavebn\u00ed V\u0160B \u2013 TU Ostrava<br \/>\nDoc. MgA. Franti\u0161ek Kowolowski \/ Fakulta um\u011bn\u00ed OU<br \/>\nIng. Daniel Mat\u011bjka, Ph.D. \/ Zahradnick\u00e1 fakulta MENDELU<br \/>\nMgr. Kate\u0159ina \u0160ebestov\u00e1 \/ Statut\u00e1rn\u00ed m\u011bsto Ostrava<br \/>\nJUDr. Luk\u00e1\u0161 Jansa \/ MO Moravsk\u00e1 Ostrava a P\u0159\u00edvoz<br \/>\nMgr. Dan Merta \/ Galerie Jaroslava Fragnera<br \/>\nIng. Jakub Hepp \/ Landscape festival<\/p>\n<p>Hodnocen\u00ed n\u00e1vrh\u016f bude provedeno porotou na z\u00e1klad\u011b jej\u00edch znalost\u00ed a zku\u0161enost\u00ed, je tedy v tomto smyslu subjektivn\u00edm n\u00e1zorem poroty. Svou \u00fa\u010dast\u00ed vyjad\u0159uj\u00ed \u00fa\u010dastn\u00edci souhlas s t\u00edmto zp\u016fsobem hodnocen\u00ed.<\/p>\n<p>&nbsp;<\/p>\n<p><strong>Kontaktn\u00ed osoba pro konzultace a zas\u00edl\u00e1n\u00ed n\u00e1vrh\u016f: <\/strong><\/p>\n<p>Jakub Hepp<br \/>\njakub@landscape-festival.cz<br \/>\n+ 420 739 454 190<\/p>\n<p>&nbsp;<\/p>\n<p><strong>N\u00c1VRHY<\/strong><\/p>\n<p>Zaslan\u00e9 p\u0159ihl\u00e1\u0161ky mus\u00ed obsahovat:<\/p>\n<ul>\n<li>anotaci projektu (max. 1 A4)<\/li>\n<li>re\u00e1ln\u00fd p\u0159edpokl\u00e1dan\u00fd rozpo\u010det intervence do 50 000 K\u010d (v\u010detn\u011b n\u00e1vrhu, realizace, re\u017eijn\u00ed n\u00e1klady)<\/li>\n<li>vizualizaci \u010di skicu projektu<\/li>\n<li>seznam pou\u017eit\u00fdch materi\u00e1l\u016f a u\u017eit\u00fdch technologi\u00ed<\/li>\n<\/ul>\n<p>&nbsp;<\/p>\n<p><strong>Z\u00c1KLADN\u00cd TERM\u00cdNY<\/strong><\/p>\n<ul>\n<li>Uz\u00e1v\u011brka p\u0159ihl\u00e1\u0161ek: 28. \u00fanora 2019<\/li>\n<li>Vyhl\u00e1\u0161en\u00ed v\u00edt\u011bzn\u00fdch projekt\u016f: 15. b\u0159ezna 2019<\/li>\n<li>Realizace intervenc\u00ed: do 20. kv\u011btna 2019<\/li>\n<\/ul>\n<p>Festival bude prob\u00edhat od \u010dervna do z\u00e1\u0159\u00ed 2019.<\/p>\n<p><strong>ZP\u016eSOB VYHL\u00c1\u0160EN\u00cd V\u00ddSLEDK\u016e<\/strong><\/p>\n<ul>\n<li>V\u00fdsledky budou zve\u0159ejn\u011bny dne 15. b\u0159ezna na webu Landscape festivalu www.landscape-festival.cz<\/li>\n<\/ul>\n<p>&nbsp;<\/p>\n<p><strong>REALIZACE<\/strong><\/p>\n<ul>\n<li>Realizaci i deinstalaci vybran\u00fdch n\u00e1vrh\u016f zajist\u00ed navrhovatel v kooperaci s po\u0159adateli festivalu<\/li>\n<\/ul>\n<p>&nbsp;<\/p>\n<p><strong>AUTORSK\u00c1 PR\u00c1VA<\/strong><\/p>\n<ul>\n<li>Auto\u0159i sout\u011b\u017en\u00edch n\u00e1vrh\u016f si podr\u017e\u00ed sv\u00e1 autorsk\u00e1 pr\u00e1va, mohou sv\u00e9 sout\u011b\u017en\u00ed n\u00e1vrhy publikovat a mohou jich op\u011bt vyu\u017e\u00edt v jin\u00e9m p\u0159\u00edpad\u011b.<\/li>\n<li>Odevzd\u00e1n\u00edm sout\u011b\u017en\u00edch n\u00e1vrh\u016f vyslovuj\u00ed \u00fa\u010dastn\u00edci souhlas s vystaven\u00edm sv\u00fdch n\u00e1vrh\u016f v r\u00e1mci propagace open callu a jeho v\u00fdsledk\u016f.<\/li>\n<li>Nevybran\u00e9 n\u00e1vrhy budou po ukon\u010den\u00ed open callu na po\u017e\u00e1d\u00e1n\u00ed vr\u00e1ceny autor\u016fm.<\/li>\n<\/ul>\n<p>[\/vc_column_text]<div class=\"clear\"><\/div><\/div>[vc_empty_space][\/vc_column][\/vc_row][vc_row][vc_column][vc_btn title=&#8220;zad\u00e1n\u00ed v pdf&#8220; size=&#8220;lg&#8220; align=&#8220;center&#8220; button_block=&#8220;true&#8220; link=&#8220;url:http%3A%2F%2Flandscape-festival.cz%2Fwp-content%2Fuploads%2F2019%2F01%2FOPENCALL.pdf||target:%20_blank|&#8220;][\/vc_column][\/vc_row][vc_row][vc_column][vc_btn title=&#8220;lokality v pdf&#8220; size=&#8220;lg&#8220; align=&#8220;center&#8220; button_block=&#8220;true&#8220; link=&#8220;url:http%3A%2F%2Flandscape-festival.cz%2Fwp-content%2Fuploads%2F2019%2F01%2FCZ_open-call.pdf||target:%20_blank|&#8220;][\/vc_column][\/vc_row][vc_row][vc_column][\/vc_column][\/vc_row][vc_row][vc_column][\/vc_column][\/vc_row][vc_section][\/vc_section][vc_row][vc_column][\/vc_column][\/vc_row][vc_row][vc_column][\/vc_column][\/vc_row]<\/p>\n<\/div>","protected":false},"excerpt":{"rendered":"<p>[vc_row][vc_column][vc_empty_space][\/vc_column][\/vc_row][vc_row][vc_column][vc_btn title=&#8220;zad\u00e1n\u00ed v pdf&#8220; size=&#8220;lg&#8220; align=&#8220;center&#8220; button_block=&#8220;true&#8220; link=&#8220;url:http%3A%2F%2Flandscape-festival.cz%2Fwp-content%2Fuploads%2F2019%2F01%2FOPENCALL.pdf||target:%20_blank|&#8220;][\/vc_column][\/vc_row][vc_row][vc_column][vc_btn title=&#8220;lokality v pdf&#8220; size=&#8220;lg&#8220; align=&#8220;center&#8220; button_block=&#8220;true&#8220; link=&#8220;url:http%3A%2F%2Flandscape-festival.cz%2Fwp-content%2Fuploads%2F2019%2F01%2FCZ_open-call.pdf||target:%20_blank|&#8220;][\/vc_column][\/vc_row][vc_row][vc_column][\/vc_column][\/vc_row][vc_row][vc_column][\/vc_column][\/vc_row][vc_section][\/vc_section][vc_row][vc_column][\/vc_column][\/vc_row][vc_row][vc_column][\/vc_column][\/vc_row]<\/p>\n","protected":false},"author":1,"featured_media":0,"parent":0,"menu_order":0,"comment_status":"closed","ping_status":"closed","template":"","meta":{"footnotes":""},"class_list":["post-10416","page","type-page","status-publish","hentry",""],"_links":{"self":[{"href":"https:\/\/www.landscape-festival.cz\/old\/wp-json\/wp\/v2\/pages\/10416","targetHints":{"allow":["GET"]}}],"collection":[{"href":"https:\/\/www.landscape-festival.cz\/old\/wp-json\/wp\/v2\/pages"}],"about":[{"href":"https:\/\/www.landscape-festival.cz\/old\/wp-json\/wp\/v2\/types\/page"}],"author":[{"embeddable":true,"href":"https:\/\/www.landscape-festival.cz\/old\/wp-json\/wp\/v2\/users\/1"}],"replies":[{"embeddable":true,"href":"https:\/\/www.landscape-festival.cz\/old\/wp-json\/wp\/v2\/comments?post=10416"}],"version-history":[{"count":14,"href":"https:\/\/www.landscape-festival.cz\/old\/wp-json\/wp\/v2\/pages\/10416\/revisions"}],"predecessor-version":[{"id":10465,"href":"https:\/\/www.landscape-festival.cz\/old\/wp-json\/wp\/v2\/pages\/10416\/revisions\/10465"}],"wp:attachment":[{"href":"https:\/\/www.landscape-festival.cz\/old\/wp-json\/wp\/v2\/media?parent=10416"}],"curies":[{"name":"wp","href":"https:\/\/api.w.org\/{rel}","templated":true}]}}

<div class="wpb-content-wrapper"><p>[vc_row][vc_column]<div style="font-size: 25px;color: #8cc63e;text-align: center;" id="eventime_countdown_1" class=""></div> <script>
            ;(function($){
            $(document).ready(function(){
                $('#eventime_countdown_1').countdown('2019/02/28 23:59:00 GMT+0100', function(event) {
                    $(this).html(event.strftime('Odevzdání projektů za %D dní %H h %M min %S s'));
                });
            });
            })(jQuery);
            </script><div class="et-row   ">[vc_empty_space][vc_column_text]Landscape festival zaměřený na krajinu, město a veřejný prostor vyhlašuje <strong>otevřenou výzvu</strong> pro projekty, které dočasně oživí konkrétní lokality v rámci připravovaného 7. ročníku. Festival letos představí <strong>Ostravu</strong> v nových environmentálních souvislostech, přičemž hlavním tématem výzvy je <strong>znovuvyužití a redefinování významu sedmi lokalit</strong> <strong>na trase z historického centra do Dolní oblasti Vítkovice</strong> a nastínění jejich nových propojení.</p>
<p><strong>Otevřená výzva je určená</strong> všem tvůrcům, kteří se pohybují na poli témat oživení veřejného prostoru, urbanismu, architektury, krajinářské architektury, umění a designu ve veřejném prostoru a krajině, environmentálnímu umění atd. Přihláška může být rovněž kolektivním dílem několika autorů.</p>
<p><strong>Zajímají nás</strong> krátkodobé intervence, tematické a performativní ztvárnění daného území, drobné doplnění urbanistické struktury, site-specific instalace, dočasná architektura i trvalejší krajinářské zásahy a humanizace daných lokalit. Navržené objekty by neměly mít pevný stavební základ (betonové patky apod.)</p>
<p><strong>LOKALITY </strong></p>
<ol>
<li>SOUTOK OSTRAVICE A LUČINY</li>
<li>ČERNÁ LOUKA</li>
<li>PARK ZA DOMEM UMĚNÍ</li>
<li>AREÁL MĚSTSKÉ NEMOCNICE OSTRAVA</li>
<li>RONDEL V SADECH DR. MILADY HORÁKOVÉ</li>
<li>PARK V ULICI NA ŽELEZÁRENSKÉ</li>
<li>OKOLÍ JANTAROVÉ STEZKY</li>
</ol>
<p>&nbsp;</p>
<p><strong>VYHLAŠOVATEL A POROTA</strong></p>
<p>Vyhlašovatelem výzvy je LANDSCAPE FESTIVAL OSTRAVA 2019<br />
Projekty budou hodnoceny odbornou porotou v následujícím složení:<br />
Doc. Ing. Martina Peřinková, Ph.D. / Katedra architektury, Fakulta stavební VŠB – TU Ostrava<br />
Doc. MgA. František Kowolowski / Fakulta umění OU<br />
Ing. Daniel Matějka, Ph.D. / Zahradnická fakulta MENDELU<br />
Mgr. Kateřina Šebestová / Statutární město Ostrava<br />
JUDr. Lukáš Jansa / MO Moravská Ostrava a Přívoz<br />
Mgr. Dan Merta / Galerie Jaroslava Fragnera<br />
Ing. Jakub Hepp / Landscape festival</p>
<p>Hodnocení návrhů bude provedeno porotou na základě jejích znalostí a zkušeností, je tedy v tomto smyslu subjektivním názorem poroty. Svou účastí vyjadřují účastníci souhlas s tímto způsobem hodnocení.</p>
<p>&nbsp;</p>
<p><strong>Kontaktní osoba pro konzultace a zasílání návrhů: </strong></p>
<p>Jakub Hepp<br />
jakub@landscape-festival.cz<br />
+ 420 739 454 190</p>
<p>&nbsp;</p>
<p><strong>NÁVRHY</strong></p>
<p>Zaslané přihlášky musí obsahovat:</p>
<ul>
<li>anotaci projektu (max. 1 A4)</li>
<li>reálný předpokládaný rozpočet intervence do 50 000 Kč (včetně návrhu, realizace, režijní náklady)</li>
<li>vizualizaci či skicu projektu</li>
<li>seznam použitých materiálů a užitých technologií</li>
</ul>
<p>&nbsp;</p>
<p><strong>ZÁKLADNÍ TERMÍNY</strong></p>
<ul>
<li>Uzávěrka přihlášek: 28. února 2019</li>
<li>Vyhlášení vítězných projektů: 15. března 2019</li>
<li>Realizace intervencí: do 20. května 2019</li>
</ul>
<p>Festival bude probíhat od června do září 2019.</p>
<p><strong>ZPŮSOB VYHLÁŠENÍ VÝSLEDKŮ</strong></p>
<ul>
<li>Výsledky budou zveřejněny dne 15. března na webu Landscape festivalu www.landscape-festival.cz</li>
</ul>
<p>&nbsp;</p>
<p><strong>REALIZACE</strong></p>
<ul>
<li>Realizaci i deinstalaci vybraných návrhů zajistí navrhovatel v kooperaci s pořadateli festivalu</li>
</ul>
<p>&nbsp;</p>
<p><strong>AUTORSKÁ PRÁVA</strong></p>
<ul>
<li>Autoři soutěžních návrhů si podrží svá autorská práva, mohou své soutěžní návrhy publikovat a mohou jich opět využít v jiném případě.</li>
<li>Odevzdáním soutěžních návrhů vyslovují účastníci souhlas s vystavením svých návrhů v rámci propagace open callu a jeho výsledků.</li>
<li>Nevybrané návrhy budou po ukončení open callu na požádání vráceny autorům.</li>
</ul>
<p>[/vc_column_text]<div class="clear"></div></div>[vc_empty_space][/vc_column][/vc_row][vc_row][vc_column][vc_btn title=&#8220;zadání v pdf&#8220; size=&#8220;lg&#8220; align=&#8220;center&#8220; button_block=&#8220;true&#8220; link=&#8220;url:http%3A%2F%2Flandscape-festival.cz%2Fwp-content%2Fuploads%2F2019%2F01%2FOPENCALL.pdf||target:%20_blank|&#8220;][/vc_column][/vc_row][vc_row][vc_column][vc_btn title=&#8220;lokality v pdf&#8220; size=&#8220;lg&#8220; align=&#8220;center&#8220; button_block=&#8220;true&#8220; link=&#8220;url:http%3A%2F%2Flandscape-festival.cz%2Fwp-content%2Fuploads%2F2019%2F01%2FCZ_open-call.pdf||target:%20_blank|&#8220;][/vc_column][/vc_row][vc_row][vc_column][/vc_column][/vc_row][vc_row][vc_column][/vc_column][/vc_row][vc_section][/vc_section][vc_row][vc_column][/vc_column][/vc_row][vc_row][vc_column][/vc_column][/vc_row]</p>
</div>

<p>[vc_row][vc_column][vc_empty_space][/vc_column][/vc_row][vc_row][vc_column][vc_btn title=&#8220;zadání v pdf&#8220; size=&#8220;lg&#8220; align=&#8220;center&#8220; button_block=&#8220;true&#8220; link=&#8220;url:http%3A%2F%2Flandscape-festival.cz%2Fwp-content%2Fuploads%2F2019%2F01%2FOPENCALL.pdf||target:%20_blank|&#8220;][/vc_column][/vc_row][vc_row][vc_column][vc_btn title=&#8220;lokality v pdf&#8220; size=&#8220;lg&#8220; align=&#8220;center&#8220; button_block=&#8220;true&#8220; link=&#8220;url:http%3A%2F%2Flandscape-festival.cz%2Fwp-content%2Fuploads%2F2019%2F01%2FCZ_open-call.pdf||target:%20_blank|&#8220;][/vc_column][/vc_row][vc_row][vc_column][/vc_column][/vc_row][vc_row][vc_column][/vc_column][/vc_row][vc_section][/vc_section][vc_row][vc_column][/vc_column][/vc_row][vc_row][vc_column][/vc_column][/vc_row]</p>
