{"id":6833,"date":"2017-07-14T17:04:20","date_gmt":"2017-07-14T16:04:20","guid":{"rendered":"http:\/\/landscape-festival.cz\/?page_id=6833"},"modified":"2018-06-08T16:50:29","modified_gmt":"2018-06-08T15:50:29","slug":"mapa","status":"publish","type":"page","link":"http:\/\/www.landscape-festival.cz\/old\/minule-rocniky\/landscape-festival-plzen-2017\/mapa\/","title":{"rendered":"video"},"content":{"rendered":"<div class=\"wpb-content-wrapper\"><p>[vc_row][vc_column][vc_empty_space]<div class=\"\"><div class=\"title_center\"><p class=\"\">pr\u016f\u0159ez Landscape Festivalem Plze\u0148 2017<\/p><\/div><div class=\"center_line\"><\/div><\/div>[vc_column_text]<\/p>\n<p style=\"text-align: center;\">video \u00a9 Ji\u0159\u00ed Straka<\/p>\n<p>[\/vc_column_text][vc_empty_space][vc_video link=&#8220;https:\/\/www.youtube.com\/watch?v=pqHAil4-BoE&amp;t=7s&#8220; el_width=&#8220;80&#8243; align=&#8220;center&#8220;][vc_empty_space height=&#8220;80&#8243;][\/vc_column][\/vc_row][vc_row][vc_column][vc_empty_space height=&#8220;80&#8243;]<div class=\"\"><div class=\"title_center\"><p class=\"\">opening Landscape Festivalu Plze\u0148 2017 na n\u00e1m\u011bst\u00ed Republiky<\/p><\/div><div class=\"center_line\"><\/div><\/div>[vc_column_text]<\/p>\n<p style=\"text-align: center;\">video \u00a9 Ji\u0159\u00ed Straka<\/p>\n<p>[\/vc_column_text][vc_empty_space][vc_video link=&#8220;https:\/\/www.youtube.com\/watch?v=6WJ2BFj8G2o&amp;t=8s&#8220; el_width=&#8220;80&#8243; align=&#8220;center&#8220;][vc_empty_space height=&#8220;80&#8243;][\/vc_column][\/vc_row]<\/p>\n<\/div>","protected":false},"excerpt":{"rendered":"<p>[vc_row][vc_column][vc_empty_space][vc_column_text] video \u00a9 Ji\u0159\u00ed Straka [\/vc_column_text][vc_empty_space][vc_video link=&#8220;https:\/\/www.youtube.com\/watch?v=pqHAil4-BoE&amp;t=7s&#8220; el_width=&#8220;80&#8243; align=&#8220;center&#8220;][vc_empty_space height=&#8220;80&#8243;][\/vc_column][\/vc_row][vc_row][vc_column][vc_empty_space height=&#8220;80&#8243;][vc_column_text] video \u00a9 Ji\u0159\u00ed Straka [\/vc_column_text][vc_empty_space][vc_video link=&#8220;https:\/\/www.youtube.com\/watch?v=6WJ2BFj8G2o&amp;t=8s&#8220; el_width=&#8220;80&#8243; align=&#8220;center&#8220;][vc_empty_space height=&#8220;80&#8243;][\/vc_column][\/vc_row]<\/p>\n","protected":false},"author":3,"featured_media":0,"parent":7330,"menu_order":32,"comment_status":"closed","ping_status":"closed","template":"","meta":{"footnotes":""},"class_list":["post-6833","page","type-page","status-publish","hentry",""],"_links":{"self":[{"href":"http:\/\/www.landscape-festival.cz\/old\/wp-json\/wp\/v2\/pages\/6833","targetHints":{"allow":["GET"]}}],"collection":[{"href":"http:\/\/www.landscape-festival.cz\/old\/wp-json\/wp\/v2\/pages"}],"about":[{"href":"http:\/\/www.landscape-festival.cz\/old\/wp-json\/wp\/v2\/types\/page"}],"author":[{"embeddable":true,"href":"http:\/\/www.landscape-festival.cz\/old\/wp-json\/wp\/v2\/users\/3"}],"replies":[{"embeddable":true,"href":"http:\/\/www.landscape-festival.cz\/old\/wp-json\/wp\/v2\/comments?post=6833"}],"version-history":[{"count":13,"href":"http:\/\/www.landscape-festival.cz\/old\/wp-json\/wp\/v2\/pages\/6833\/revisions"}],"predecessor-version":[{"id":6993,"href":"http:\/\/www.landscape-festival.cz\/old\/wp-json\/wp\/v2\/pages\/6833\/revisions\/6993"}],"up":[{"embeddable":true,"href":"http:\/\/www.landscape-festival.cz\/old\/wp-json\/wp\/v2\/pages\/7330"}],"wp:attachment":[{"href":"http:\/\/www.landscape-festival.cz\/old\/wp-json\/wp\/v2\/media?parent=6833"}],"curies":[{"name":"wp","href":"https:\/\/api.w.org\/{rel}","templated":true}]}}

<div class="wpb-content-wrapper"><p>[vc_row][vc_column][vc_empty_space]<div class=""><div class="title_center"><p class="">průřez Landscape Festivalem Plzeň 2017</p></div><div class="center_line"></div></div>[vc_column_text]</p>
<p style="text-align: center;">video © Jiří Straka</p>
<p>[/vc_column_text][vc_empty_space][vc_video link=&#8220;https://www.youtube.com/watch?v=pqHAil4-BoE&amp;t=7s&#8220; el_width=&#8220;80&#8243; align=&#8220;center&#8220;][vc_empty_space height=&#8220;80&#8243;][/vc_column][/vc_row][vc_row][vc_column][vc_empty_space height=&#8220;80&#8243;]<div class=""><div class="title_center"><p class="">opening Landscape Festivalu Plzeň 2017 na náměstí Republiky</p></div><div class="center_line"></div></div>[vc_column_text]</p>
<p style="text-align: center;">video © Jiří Straka</p>
<p>[/vc_column_text][vc_empty_space][vc_video link=&#8220;https://www.youtube.com/watch?v=6WJ2BFj8G2o&amp;t=8s&#8220; el_width=&#8220;80&#8243; align=&#8220;center&#8220;][vc_empty_space height=&#8220;80&#8243;][/vc_column][/vc_row]</p>
</div>

<p>[vc_row][vc_column][vc_empty_space][vc_column_text] video © Jiří Straka [/vc_column_text][vc_empty_space][vc_video link=&#8220;https://www.youtube.com/watch?v=pqHAil4-BoE&amp;t=7s&#8220; el_width=&#8220;80&#8243; align=&#8220;center&#8220;][vc_empty_space height=&#8220;80&#8243;][/vc_column][/vc_row][vc_row][vc_column][vc_empty_space height=&#8220;80&#8243;][vc_column_text] video © Jiří Straka [/vc_column_text][vc_empty_space][vc_video link=&#8220;https://www.youtube.com/watch?v=6WJ2BFj8G2o&amp;t=8s&#8220; el_width=&#8220;80&#8243; align=&#8220;center&#8220;][vc_empty_space height=&#8220;80&#8243;][/vc_column][/vc_row]</p>
