{"id":15,"date":"2014-04-08T11:24:20","date_gmt":"2014-04-08T09:24:20","guid":{"rendered":"http:\/\/landscape-festival.cz\/?page_id=15"},"modified":"2017-04-10T21:52:31","modified_gmt":"2017-04-10T20:52:31","slug":"poradatel","status":"publish","type":"page","link":"http:\/\/www.landscape-festival.cz\/old\/minule-rocniky\/lfp-2015\/poradatel\/","title":{"rendered":"Po\u0159adatel\u00e9"},"content":{"rendered":"<p>Projekt po\u0159\u00e1d\u00e1 Galerie Jaroslava Fragnera, kterou je jednou z m\u00e1la galeri\u00ed u n\u00e1s, je\u017e se kontinu\u00e1ln\u011b v\u011bnuje sou\u010dasn\u00e9 architektu\u0159e, a z\u00e1rove\u0148 historii architektury. Pravideln\u011b zde vystavuj\u00ed zejm\u00e9na mlad\u00e1 studia ze zahrani\u010d\u00ed (BIG, Querkraft, FOA, J\u00fcrgen H.Mayer, Riedijk Neutelings, MVRDV, Mitchell Joachim, Ren\u00e9 van Zuuk, Bartlett School atd.), ka\u017ed\u00fd rok je p\u0159edstaven progresivn\u00ed \u010desk\u00fd ateli\u00e9r (Projektil, Kamil Mrva, Aul\u00edk Fi\u0161er architekti, DAM, Zden\u011bk Fr\u00e1nek, NEW WORK atd.) a v\u00fdznamn\u00e1 osobnost \u010desk\u00e9 architektury (V\u011bra a Vladim\u00edr Machoninovi, Miroslav Ba\u0161e, Martin Rajni\u0161, Emil Kr\u00e1l\u00ed\u010dek, Martin Roub\u00edk atd.). Galerie Jaroslava Fragnera tak\u00e9 p\u0159ipravuje autorsk\u00e9 t\u00e9matick\u00e9 v\u00fdstavy \u010desk\u00e9 architektury (kubismus, \u0161etrn\u00e1 architektura, porevolu\u010dn\u00ed Praha, nejmlad\u0161\u00ed generace, soci\u00e1ln\u00ed inkluze v evropsk\u00e9 architektu\u0159e).<br \/>\nV posledn\u00edch letech se rovn\u011b\u017e v\u011bnuje prezentaci \u010desk\u00e9 tvorby v zahrani\u010d\u00ed (Evropa, Japonsko, USA).<\/p>\n<p>&nbsp;<\/p>\n<p><strong><span style=\"color: #000000;\">Organiza\u010dn\u00ed t\u00fdm<\/span><\/strong><\/p>\n<p>&nbsp;<\/p>\n<p><a href=\"http:\/\/www.gjf.cz\/\"><img loading=\"lazy\" decoding=\"async\" class=\" wp-image-86 alignleft\" src=\"http:\/\/landscape-festival.cz\/wp-content\/uploads\/2014\/04\/gjf1-300x255.jpg\" alt=\"gjf\" width=\"108\" height=\"92\" srcset=\"https:\/\/www.landscape-festival.cz\/old\/wp-content\/uploads\/2014\/04\/gjf1-300x255.jpg 300w, https:\/\/www.landscape-festival.cz\/old\/wp-content\/uploads\/2014\/04\/gjf1-1024x873.jpg 1024w, https:\/\/www.landscape-festival.cz\/old\/wp-content\/uploads\/2014\/04\/gjf1.jpg 1624w\" sizes=\"auto, (max-width: 108px) 100vw, 108px\" \/><\/a><a href=\"http:\/\/nakladovenadrazizizkov.cz\/\"><img loading=\"lazy\" decoding=\"async\" class=\" alignleft\" src=\"http:\/\/landscape-festival.cz\/wp-content\/uploads\/2014\/04\/NNZLOGOROZEPSANE1-300x40.png\" alt=\"NNZLOGOROZEPSANE\" width=\"375\" height=\"50\" \/><\/a><\/p>\n","protected":false},"excerpt":{"rendered":"<p>Projekt po\u0159\u00e1d\u00e1 Galerie Jaroslava Fragnera, kterou je jednou z m\u00e1la galeri\u00ed u n\u00e1s, je\u017e se kontinu\u00e1ln\u011b v\u011bnuje sou\u010dasn\u00e9 architektu\u0159e, a z\u00e1rove\u0148 historii architektury. Pravideln\u011b zde vystavuj\u00ed zejm\u00e9na mlad\u00e1 studia ze zahrani\u010d\u00ed (BIG, Querkraft, FOA, J\u00fcrgen H.Mayer, Riedijk Neutelings, MVRDV, Mitchell Joachim, Ren\u00e9 van Zuuk, Bartlett School atd.), ka\u017ed\u00fd rok je p\u0159edstaven progresivn\u00ed \u010desk\u00fd ateli\u00e9r (Projektil, [&hellip;]<\/p>\n","protected":false},"author":1,"featured_media":0,"parent":2328,"menu_order":1,"comment_status":"closed","ping_status":"closed","template":"","meta":{"footnotes":""},"class_list":["post-15","page","type-page","status-publish","hentry",""],"_links":{"self":[{"href":"http:\/\/www.landscape-festival.cz\/old\/wp-json\/wp\/v2\/pages\/15","targetHints":{"allow":["GET"]}}],"collection":[{"href":"http:\/\/www.landscape-festival.cz\/old\/wp-json\/wp\/v2\/pages"}],"about":[{"href":"http:\/\/www.landscape-festival.cz\/old\/wp-json\/wp\/v2\/types\/page"}],"author":[{"embeddable":true,"href":"http:\/\/www.landscape-festival.cz\/old\/wp-json\/wp\/v2\/users\/1"}],"replies":[{"embeddable":true,"href":"http:\/\/www.landscape-festival.cz\/old\/wp-json\/wp\/v2\/comments?post=15"}],"version-history":[{"count":8,"href":"http:\/\/www.landscape-festival.cz\/old\/wp-json\/wp\/v2\/pages\/15\/revisions"}],"predecessor-version":[{"id":4758,"href":"http:\/\/www.landscape-festival.cz\/old\/wp-json\/wp\/v2\/pages\/15\/revisions\/4758"}],"up":[{"embeddable":true,"href":"http:\/\/www.landscape-festival.cz\/old\/wp-json\/wp\/v2\/pages\/2328"}],"wp:attachment":[{"href":"http:\/\/www.landscape-festival.cz\/old\/wp-json\/wp\/v2\/media?parent=15"}],"curies":[{"name":"wp","href":"https:\/\/api.w.org\/{rel}","templated":true}]}}

Pořadatelé

<p>Projekt pořádá Galerie Jaroslava Fragnera, kterou je jednou z mála galerií u nás, jež se kontinuálně věnuje současné architektuře, a zároveň historii architektury. Pravidelně zde vystavují zejména mladá studia ze zahraničí (BIG, Querkraft, FOA, Jürgen H.Mayer, Riedijk Neutelings, MVRDV, Mitchell Joachim, René van Zuuk, Bartlett School atd.), každý rok je představen progresivní český ateliér (Projektil, Kamil Mrva, Aulík Fišer architekti, DAM, Zdeněk Fránek, NEW WORK atd.) a významná osobnost české architektury (Věra a Vladimír Machoninovi, Miroslav Baše, Martin Rajniš, Emil Králíček, Martin Roubík atd.). Galerie Jaroslava Fragnera také připravuje autorské tématické výstavy české architektury (kubismus, šetrná architektura, porevoluční Praha, nejmladší generace, sociální inkluze v evropské architektuře).<br />
V posledních letech se rovněž věnuje prezentaci české tvorby v zahraničí (Evropa, Japonsko, USA).</p>
<p>&nbsp;</p>
<p><strong><span style="color: #000000;">Organizační tým</span></strong></p>
<p>&nbsp;</p>
<p><a href="http://www.gjf.cz/"><img loading="lazy" decoding="async" class=" wp-image-86 alignleft" src="http://landscape-festival.cz/wp-content/uploads/2014/04/gjf1-300x255.jpg" alt="gjf" width="108" height="92" srcset="https://www.landscape-festival.cz/old/wp-content/uploads/2014/04/gjf1-300x255.jpg 300w, https://www.landscape-festival.cz/old/wp-content/uploads/2014/04/gjf1-1024x873.jpg 1024w, https://www.landscape-festival.cz/old/wp-content/uploads/2014/04/gjf1.jpg 1624w" sizes="auto, (max-width: 108px) 100vw, 108px" /></a><a href="http://nakladovenadrazizizkov.cz/"><img loading="lazy" decoding="async" class=" alignleft" src="http://landscape-festival.cz/wp-content/uploads/2014/04/NNZLOGOROZEPSANE1-300x40.png" alt="NNZLOGOROZEPSANE" width="375" height="50" /></a></p>

<p>Projekt pořádá Galerie Jaroslava Fragnera, kterou je jednou z mála galerií u nás, jež se kontinuálně věnuje současné architektuře, a zároveň historii architektury. Pravidelně zde vystavují zejména mladá studia ze zahraničí (BIG, Querkraft, FOA, Jürgen H.Mayer, Riedijk Neutelings, MVRDV, Mitchell Joachim, René van Zuuk, Bartlett School atd.), každý rok je představen progresivní český ateliér (Projektil, [&hellip;]</p>
